= -5. What is the remainder when v is divided by 2?
1
Let t = -43 + 51. Suppose -5*w + 56 = -w. What is the remainder when w is divided by t?
6
Let w be 1*2*(-18)/(-12). Calculate the remainder when 102/w - 2*-1 is divided by 19.
17
Let p(o) = o - 2. Let l be p(6). Suppose -r - l*f + 18 = 0, f + 17 = r + 6*f. Calculate the remainder when r is divided by (-58)/(-8) - 9/(-12).
6
Let w(s) = 2*s**3 - s**2 - 3*s + 2. Let q be 1*(-3 - (2 - 0)). Let y(u) = u**3 + 6*u**2 + u - 5. Calculate the remainder when y(q) is divided by w(2).
7
Let j(m) = m**2 - 7*m + 4. Let l be j(5). Let b = 10 + l. Let q(f) = f + 2. Calculate the remainder when 17 is divided by q(b).
5
Let y(z) = 3*z - 10. What is the remainder when y(9) is divided by 5?
2
Let d(h) = -h**3 - h**2 - 2*h - 3. Calculate the remainder when 3 + 74/2 - 1 is divided by d(-3).
18
Suppose -4*u + 0*u = 0. Let i(n) = 2*n - 4. Calculate the remainder when 34/((1 + u)*1) is divided by i(8).
10
Let c = -58 + 102. Calculate the remainder when c is divided by 23.
21
Suppose 4*d = 3*n - 3, -21 + 4 = d - 4*n. Suppose 0 = 3*v + 5*z - 47, -9 - 3 = -d*z. What is the remainder when 24 is divided by v?
6
Let y = -13 - -25. Let g = y + -3. Calculate the remainder when 26 is divided by g.
8
Let k be ((-2)/2)/(2/(-54)). Let d = k - 13. Let m(z) = 11*z - 3. What is the remainder when m(4) is divided by d?
13
Let o = 29 - -5. What is the remainder when o is divided by 18?
16
Suppose -22 + 31 = 3*d. What is the remainder when 14 is divided by d?
2
Let c(k) = -k**3 + 13*k**2 - 13*k + 27. Calculate the remainder when c(12) is divided by 5.
0
Let i = 105 + 17. Calculate the remainder when i is divided by 31.
29
Suppose 25 = -5*s + 190. Suppose -s = -4*w - 1. Suppose 2*t - 18 = -5*g, -4*t + 3*g + 48 = -t. What is the remainder when t is divided by w?
6
Suppose -1 = i - 3. Suppose 0 = -z - 2*z + 4*x - 8, z + 4 = i*x. Suppose 3*k = 2*m + 8, k - m - 3 = -z. Calculate the remainder when 4 is divided by k.
0
Suppose -4*d + 56 = 4*u, -3*u - 2*d + 22 = -4*d. Suppose -3*i - 1 = y - 24, 3*i - 8 = 2*y. Calculate the remainder when i/9 - 110/(-6) is divided by u.
9
Suppose 5*a + 19 = 3*b - b, b - 17 = 5*a. Let s = a - -2. What is the remainder when s/((-3)/(-69)*-1) is divided by 12?
11
Suppose -5*m + 2*r = -49, 2*m + 2*r = 5*r + 13. What is the remainder when 19 is divided by m?
8
Let s(q) = -4*q + 3. Let u(p) = 8. Let v(x) = -x + 33. Let w(b) = -9*u(b) + 2*v(b). Calculate the remainder when s(-5) is divided by w(-7).
7
Let u(d) = d**3 + d - 12. Let z be u(0). Let p(t) = -18*t - 3. Calculate the remainder when p(-3) is divided by (2/2)/(z/(-312)).
25
Suppose h - 3*p = 7, 4*h + p + p - 84 = 0. Suppose t - 17 - 21 = 0. Let d = t - h. What is the remainder when d is divided by 10?
9
What is the remainder when 186 is divided by -81*(6/9 + -1)?
24
Let z = 32 - 22. What is the remainder when z is divided by 5?
0
Suppose 0 = q + 2, -76 = -m - 2*q - 2*q. What is the remainder when m is divided by 22?
18
Suppose 0 = -3*j + 42 + 6. Calculate the remainder when 76 is divided by j.
12
Let t(a) = 8*a**2 + a - 1. Let x(y) = -y**2 + 5*y + 1. Let b be x(5). What is the remainder when 3/(-12) - 122/(-8) is divided by t(b)?
7
Let c = -27 - -29. Calculate the remainder when 5 is divided by c.
1
What is the remainder when (10/6)/(190/2508) is divided by 9?
4
Let z(w) = w + 11. Let g be z(-6). What is the remainder when 860/25 + (-2)/g is divided by 18?
16
Let u = 19 + 3. Let x(g) = g**2 + 0*g**2 + 3 + 6*g - 2*g**2. What is the remainder when u is divided by x(5)?
6
Let k = 70 + -126. Let m = 94 + k. Suppose -4*d + 112 = 32. Calculate the remainder when m is divided by d.
18
Let u(o) = o**2 + 0*o**3 + 5 - o**3 + 0*o**3 - 2*o**2. What is the remainder when 13 is divided by u(0)?
3
What is the remainder when 104 is divided by -1*4 - (-2 + -37)?
34
Let o(d) = -d - 6. Let y be o(-6). Suppose 3*i = -5*u - 4, y*u + i + 2 = -u. What is the remainder when 10/((-3)/6 + u) is divided by 7?
6
Let f(i) = i + 12. Calculate the remainder when (-44)/(-14)*(-14)/(-2) is divided by f(-6).
4
Calculate the remainder when ((-2)/(-1))/((-2)/(-25)) is divided by -4*4/(-80) - (-320)/25.
12
Let f = -94 + 224. Let h be (-1)/2 - f/(-4). Suppose -5*k - 12 = -h. Calculate the remainder when k is divided by 2.
0
Let r(f) = 6*f - 1. What is the remainder when 43 is divided by r(2)?
10
Suppose -2 + 0 = -c. Suppose -c*k - 34 = -92. What is the remainder when k is divided by 16?
13
Suppose -r - 2*r = 102. Let d = r + 71. What is the remainder when d is divided by 13?
11
Calculate the remainder when 867/6 - (-3 + (-5)/(-2)) is divided by 49.
47
Let d(y) = y**3 - 13*y**2 + 13*y - 6. Let s be d(12). Suppose 61 = s*g + 7. Calculate the remainder when 44 is divided by g.
8
Suppose -3*b - 5*s = -33, 3*b + 4*s = 8*b - 18. Suppose -34 = 4*n - b*n. What is the remainder when n is divided by (1 - (-2)/4)*4?
5
Calculate the remainder when 10/35 - (2096/(-14) + -1) is divided by 14.
11
Suppose -10*n + 5*n + 15 = 0, 2*a - 29 = n. Calculate the remainder when 29 is divided by a.
13
Suppose 3*o - 20 = -2*l + 7*o, 5*l + 3*o = 11. Suppose -l*v + 8 + 12 = 0. What is the remainder when 12 is divided by v?
2
Suppose 0 = -i + n + 132, 5*n - 4 = -4*i + 506. Suppose -y = -6*y + i. What is the remainder when y is divided by 14?
12
Suppose -13*w - 19 = -162. What is the remainder when 74 is divided by w?
8
Let l = 36 + -30. What is the remainder when 30 is divided by l?
0
Let m = -10 + 16. Let v = 52 - 36. What is the remainder when v is divided by m?
4
Calculate the remainder when 581/63 - 4/18 is divided by 5.
4
Suppose 4 = 3*a - 137. What is the remainder when a is divided by (-2)/(-8) - 126/(-8)?
15
Let i = 14 + -6. Suppose 0 = -3*p + 2*p + 1. Let j = 13 + p. Calculate the remainder when j is divided by i.
6
Suppose -2*w = w + 6. Let p be (w - 2)/(-2 + 3). Let q = p - -5. What is the remainder when 1 is divided by q?
0
Let r(t) = -t**2 - 10*t - 5. What is the remainder when r(-9) is divided by 1?
0
Let o = -12 + 33. What is the remainder when o is divided by 6?
3
Let j be (-31)/(-3) + 2/(-6). Suppose 5*a - j = 0, y = 2*y + 2*a + 4. What is the remainder when (-4)/y + (-46)/(-4) is divided by 7?
5
Suppose -3*l = -j + 233, -5*l = -2*j - 2*j + 939. Suppose -3*r + 7*r = j. Calculate the remainder when r is divided by 15.
14
Let h be ((-17)/5 + 3)*-325. Let l = -41 + h. What is the remainder when l is divided by 30?
29
Let c = -27 + 80. Suppose -6*f + 3*f + 57 = 5*o, -2*o - 22 = -2*f. What is the remainder when c is divided by f?
11
Let i = -20 + 32. Suppose -3*z + 25 = -5*x, z = -x - 1 + 4. Suppose -i = -z*o + 28. What is the remainder when 22 is divided by o?
6
Suppose n - 9 = -6. Calculate the remainder when 7 is divided by n.
1
Let z = 160 - 113. Calculate the remainder when z is divided by ((-200)/15 - -2)*12/(-8).
13
Let o be 862/10 - (-1)/(-5). Suppose 0 = p + p - o. Suppose -g = 5*b - 101, 2*b + 5*g - p = -b. What is the remainder when b is divided by 11?
10
Let g(b) = b**2 + b + 3. Let t be g(-4). Let x = -12 + t. Calculate the remainder when 2/(-5) + (-37)/(-5) is divided by x.
1
Let w(g) = 5*g - 2. Calculate the remainder when 15 is divided by w(2).
7
Suppose 12 = 4*p + 4*b, 5*p = b + 24 + 3. Let c(g) = -g**3 + 4*g**2 + 8*g - 4. Let f be c(p). Let u = f + 8. Calculate the remainder when 55 is divided by u.
17
What is the remainder when 34 - (4 - 1 - 0) is divided by 11?
9
Let b(u) be the first derivative of 5*u**4/12 - u**2/2 - 3*u - 4. Let c(n) be the first derivative of b(n). Calculate the remainder when 75 is divided by c(-2).
18
Suppose 6*g = 3*g + 18. Suppose 2*x - 2*q = -g*q + 12, -2*x - 4 = -4*q. Calculate the remainder when 4 is divided by (1/x)/((-2)/(-8)).
0
Calculate the remainder when 56 is divided by (-17)/(-1) - (-17 + 15).
18
Let i be 116*2/(-4)*-1. Let c be 2/(-6) - i/(-3). Suppose -24 = -4*x - 4*q, 0 = 4*x - 4*q - c - 29. Calculate the remainder when 25 is divided by x.
7
Let m be (-213)/(-12) - (-5)/20. Let j = m - 14. What is the remainder when 7 is divided by j?
3
Let u = -2 - -23. Suppose 4*y = 3*y + 2*s - 8, 0 = -4*y - 3*s + 1. What is the remainder when u is divided by -1 + (y/(-1) - -10)?
10
Let g = 10 - 6. Suppose 3*z - 5*n = -11, -4*z + 4*n = 3*n - 8. Suppose 5*i = d + 5